igit of a?
0
Let b(r) = 4*r - 10. What is the units digit of b(11)?
4
Suppose 3*i + 0*i - 494 = 2*u, 3*i = -5*u + 529. What is the hundreds digit of i?
1
Suppose 2*p + 2*j + 4 = 0, 5*j = 2*p - 25 + 8. Suppose p = -5*f + 56. What is the units digit of f?
1
Let v(f) be the third derivative of 1/6*f**3 + 1/24*f**4 - f**2 + 0*f + 0. What is the units digit of v(8)?
9
Let h be ((-3)/(-9))/(-1)*-6. Let p be (7 - 1)/(4 - h). Suppose d = -2*d - 3, -21 = -p*y - 3*d. What is the units digit of y?
8
Let m be -2*((-15)/2)/3. Let f = -3 + m. Suppose f = -3*h + 38. What is the tens digit of h?
1
Suppose -4*q = -5*g - 7*q + 39, -3*q = -g + 15. Suppose -1 = -5*r + g. What is the units digit of r?
2
Suppose -4*a = -3*w - 91, -4*w - 13 = -a - 0*a. What is the tens digit of a?
2
Suppose -4*s + 45 = q - 3*s, 3*q - 4*s = 170. Suppose -2*y - q = -5*g + 81, -4*g + 5*y + 115 = 0. What is the units digit of g?
5
Suppose 5*l - 2*g = 0, -4*l = -l - 2*g. Suppose 4*k - k - 12 = l. What is the units digit of k?
4
Let l(v) = -v - 1. Let r be l(-5). Let a(q) = 4*q - 4. Let k be a(r). Suppose k = c - 0*c. What is the tens digit of c?
1
Let v be (-4)/(-10) + 266/10. Let a = 39 - v. What is the tens digit of a?
1
Let a = 51 - -17. What is the units digit of a?
8
Let l(p) = -5*p**2 + 2*p - 2. Let h(y) = 26*y**2 - 11*y + 11. Let f(n) = -2*h(n) - 11*l(n). What is the units digit of f(-2)?
2
Let z = 6 - 6. Suppose -3*a + z = -3. Suppose 2*f + a = 9. What is the units digit of f?
4
Let y(o) = o**2 - 6*o - 2. Let n be y(5). Let p(a) = 14*a - 17. Let x(q) = 5*q - 6. Let k(u) = -4*p(u) + 11*x(u). What is the units digit of k(n)?
9
Suppose -3*q + 12 = -15. What is the units digit of q?
9
Let y(c) = -c**3 - 6*c**2 + 6*c + 6. What is the units digit of y(-7)?
3
Suppose -m = -2*s + 5, 2*s = -4*m - 0 + 10. Let y = 1 + m. Suppose a = 4*w - 16, -4*w + y*w = -2*a - 8. What is the units digit of w?
4
Suppose 6*g - 8*g = -2. What is the units digit of g?
1
Let k(m) = m - 5. Let c be k(-6). Let x = c - -24. What is the units digit of x?
3
What is the tens digit of (3 - 0 - 2)*26?
2
Let z be 7/5 + (-6)/15. Let k be (-10)/(-75) + 96/(-45). What is the tens digit of 30/(z*(-4)/k)?
1
Let y = 2 + 34. Suppose 4*m = 5*f + 164, -4*m + 104 = f - y. What is the units digit of m?
6
Suppose -x = 3*x - 16. Suppose -g + 24 - x = p, -4*g = p - 68. What is the tens digit of g?
1
Let b = -11 - -15. Suppose -i + 19 = 3*r, -b*i + 5*r - 17 = -2*i. What is the units digit of i?
4
Let v be 1*-2 + (-3)/((-15)/35). Let w be 5*(1 - 1 - -1). Suppose 0 = v*b + 2*g - 10 - 50, 4*g = -w*b + 70. What is the tens digit of b?
1
Let q be (-2 - 0/(-2))*-2. Suppose 4 = -3*v + q*v. What is the units digit of v?
4
Let j be (4/3)/(3/9). Suppose j*h + 15 = 5*h. What is the tens digit of h?
1
Let q = -46 - -128. What is the units digit of q?
2
Let u = 7 + 2. Suppose -2*f + 10 = 4*s, 2*f = -4*s - f + u. What is the units digit of s?
3
Suppose 2*x = 5*x. Suppose 3*q - 5*q - 6 = x. What is the units digit of -9*(-1 - q/9)?
6
What is the tens digit of (-232)/(-12)*12/8?
2
Let c be 6/(-15) + (-6)/(-15). Let s(l) = l. Let j be s(c). Suppose j*a = 2*a - 26. What is the units digit of a?
3
Suppose -3*s + 77 = 4*p, 0 = -3*s + s - 5*p + 42. What is the tens digit of s?
3
Let w = 27 - 14. Let l be (-82)/(-12) + 1/6. Let m = w - l. What is the units digit of m?
6
Suppose 38*f - 744 = 30*f. What is the units digit of f?
3
Let f = -75 + 54. Suppose -7*x = -2*x - 10. What is the units digit of 7/x*(-24)/f?
4
Suppose -k - 4*k - 2*j = -169, 5*k - 167 = -j. What is the tens digit of k?
3
Let q = -80 + 20. What is the units digit of ((-1)/(-2))/((-6)/q)?
5
Let b(r) = r**3 + 13*r**2 + 15*r - 8. Let l be b(-11). Suppose 3*g = 6*g - l. What is the tens digit of g?
2
Let a = -18 + 46. What is the tens digit of (a - 3) + 4/(-2)?
2
Suppose j + 3 = 4*i, 7 = -3*i + 16. Let x = j + -7. What is the units digit of x?
2
Let b = -22 + 25. Suppose 0 = 3*x + b - 6. What is the units digit of x?
1
Let b(k) = k**3 - 4*k**2 + 2*k + 2. Let z be b(4). Suppose 9*m - z = 4*m. What is the units digit of m/3 + 75/9?
9
Suppose -139 + 41 = -5*s - 3*p, -4*s + p + 75 = 0. Let c be 1 + 0 - (-1 - s). Suppose v - 2*f - c = 0, -2*f = v - 4 + 3. What is the units digit of v?
1
Let i(z) = -9*z - 8. What is the tens digit of i(-5)?
3
Suppose x - 5 = t, -x - 5*t - 19 = -0*x. Let y = -2 + x. What is the units digit of y/(-2) - (-51)/6?
9
Let b(t) = t**2 - 2*t + 199. What is the tens digit of b(0)?
9
Let w(m) = -m**3 - 3*m**2 + 2. Let y be w(-3). Suppose 5*r + u = -1, 5 = y*r - r - 5*u. What is the tens digit of 11 + r*3/3?
1
Suppose h + 3*h = 212. What is the tens digit of h?
5
Suppose 0 = 3*k + 4*z - 116, 3*k - 208 = 3*z - 64. What is the tens digit of k?
4
Let m be ((-2)/(-3))/((-2)/(-9)). Suppose -3*b + 3*z = 2*z - 9, -4*b = m*z - 12. Suppose b*p - 7 = 4*k + 19, 3*k = 3*p - 21. What is the units digit of p?
2
Suppose -1 = -a + 40. What is the units digit of a?
1
Let y(k) = -3*k + 9. Let p be y(7). Let v(l) = 2*l**3 + 2*l**2 + l + 2. Let x be v(-2). What is the units digit of (p/x)/(6/8)?
2
Let p(k) = -k**3 - 5*k**2 + 6*k. Let m be p(-6). Let b be 3*((-12)/(-9) - 0). Suppose -b*t - t + 55 = m. What is the tens digit of t?
1
Let n be (-3)/6 + (-21)/(-6). Let j(x) = 2*x**2 - 1. What is the units digit of j(n)?
7
Let p = 9 + 85. What is the tens digit of p?
9
Let z(m) = -18*m + 3. Suppose -c - 12 = 3*c. What is the tens digit of z(c)?
5
Suppose -4*r - 5*o + 459 = 0, 384 + 177 = 5*r + 2*o. What is the tens digit of r?
1
Let s = 5 + 14. What is the units digit of s?
9
What is the units digit of ((-2)/(-12)*-2)/((-3)/18)?
2
Let m(h) = -h**2 + h + 2. Let n be m(4). Let u = -8 - n. Suppose -18 = -u*k + l - 3*l, 0 = 5*l. What is the units digit of k?
9
Let h = -10 + 18. Suppose -4*t + 0 = h. What is the units digit of 4/(-6)*9/t?
3
Suppose 6*a - 526 = -4*i + 4*a, -a + 529 = 4*i. What is the units digit of i?
3
Suppose 197 = 2*m - r, -5*r + 14 = -11. Suppose -4*g = -51 - m. What is the tens digit of g?
3
Let z(f) = -f**3 - 7*f**2 - 3*f - 7. Let v = 4 + -11. What is the tens digit of z(v)?
1
Let a(j) = j + 4. Suppose 5*g = b - 30 + 11, b = -3*g - 5. What is the units digit of a(b)?
8
Let o = 5 - -33. What is the tens digit of o?
3
Suppose -y = -0*y. Let z(a) = a**3 - 10*a**2 + 9*a + 5. Let t be z(9). Suppose 3*n + t*w - 36 = 0, y = 2*n - 2*w + 1 - 9. What is the units digit of n?
7
Let z be (-2)/2*(-1)/(-1). Let o = 12 - 28. What is the units digit of 0 + (o - -2)*z?
4
Let q(w) = -2*w**3 + 3*w + 2. Let v(t) = -t + 3. Let k be v(5). What is the tens digit of q(k)?
1
Let m(w) = -w**3 + w**2 - w + 2. Let g be m(0). Suppose -a + 0*a - 4*o = -40, g*o - 236 = -5*a. What is the units digit of a?
8
Let u = -194 - -374. What is the hundreds digit of u?
1
Suppose q - 7 - 104 = 0. What is the hundreds digit of q?
1
Suppose r - 12 = -2*r. Let y(d) = d**3 - 2*d**2 - 2*d - 1. What is the tens digit of y(r)?
2
Let c = 237 + 26. What is the units digit of c?
3
Let r = -2 - -10. Let b(c) = 2*c - 11. Let j be b(r). Suppose -36 = -j*f + 2*i, -3*f + 0*i + i + 21 = 0. What is the units digit of f?
6
Suppose 0 = 3*j - 7*j + 124. What is the tens digit of j?
3
Let o(d) = 8*d**2 + 8*d - 3. Let l(h) = h**2 + h. Let v(m) = -6*l(m) + o(m). What is the units digit of v(-3)?
9
What is the tens digit of (498/(-4))/((-12)/24)?
4
Let b = -229 - -333. What is the units digit of b?
4
Suppose -5*h + 75 + 225 = 0. Suppose -4*w - h = -8*w. What is the tens digit of w?
1
Let d = 3 - -8. Let n = 2 + d. What is the units digit of n?
3
Let u(p) = p**2 - p + 5. Let m be u(0). Suppose 0*w - w + 2 = 0. Suppose 4*y - 28 = -w*z, 0 - 46 = -m*y + 3*z. What is the units digit of y?
8
Let t(f) = 2*f + 1. Suppose 0 = 2*q + 2*j + 11 - 31, -4*q + 4*j = -32. What is the tens digit of t(q)?
1
What is the tens digit of -1*3/(-3)*17?
1
Let d = -1 - -5. Suppose -q - 22 = -d*i, 5*i - 12 = i - 4*q. What is the units digit of i?
5
Let d(v) be the first derivative of v**6/360 - v**5/60 + v**4/24 - 2*v**3/3 - 2. Let t(q) be the third derivative of d(q). What is the units digit of t(2)?
1
Suppose 0 = -2*u + 26 + 30. Suppose s = 4*j - 14 - 22, -4*j - s + u = 0. What is the units digit of j?
8
Suppose -3*g - 15 = -7*g + 3*m, -4*g + 4*m = -20. Suppose -d + g*j 